{"id":46,"date":"2021-11-18T15:31:45","date_gmt":"2021-11-18T14:31:45","guid":{"rendered":"http:\/\/www.lotta-holmgren.com\/?page_id=46"},"modified":"2026-04-15T07:54:49","modified_gmt":"2026-04-15T05:54:49","slug":"farfarsgarden","status":"publish","type":"page","link":"https:\/\/www.lotta-holmgren.com\/index.php\/farfarsgarden\/","title":{"rendered":"Farfarsg\u00e5rden"},"content":{"rendered":"\n<p>V\u00e4lkommen p\u00e5 ett bes\u00f6k till Farfarsg\u00e5rden d\u00e4r ni f\u00e5r njuta av unik konst i en genuin milj\u00f6. H\u00e4r f\u00e5r man tr\u00e4ffa konstn\u00e4ren sj\u00e4lv, som ber\u00e4ttar om sin konst och guidar bes\u00f6karna genom utst\u00e4llningen. Nybryggt kaffe och hembakt go-kaka finns att k\u00f6pa, men f\u00f6r den som vill s\u00e5 g\u00e5r det bra att ta med eget fika eller lunch och avnjuta den i den mysiga milj\u00f6n. <\/p>\n\n\n\n<p><strong>Fasta \u00f6ppettider 2026 vid sommarens utst\u00e4llning &#8221; VILDA M\u00d6TEN P\u00c5 FARFARSG\u00c5RDEN \u00e4r 25\/6 &#8211; 2\/8, torsdagar &#8211; s\u00f6ndagar mellan kl. 12 &#8211; 15.<\/strong> <\/p>\n\n\n\n<p><strong>Torsdagen den 23 juli \u00e4r det dock st\u00e4ngt, vi firar n\u00e4mligen v\u00e5r br\u00f6llopsdag!<\/strong><\/p>\n\n\n\n<p>Utst\u00e4llningen finns dock att besk\u00e5da redan i b\u00f6rjan av juni , fram till i mitten av Augusti , s\u00e5 vill ni g\u00f6ra ett bes\u00f6k andra dagar och tider \u00e4n de fasta \u00f6ppettiderna, h\u00f6r av er s\u00e5 bokar vi in en tid och dag som passar. Mejladress info@lotta-holmgren.com eller ring mig p\u00e5 070-372 01 50. Grupper bokar sig hos mig minst en m\u00e5nad innan bes\u00f6ket . Samarbetar med SV Lycksele. Varmt v\u00e4lkomna!<\/p>\n\n\n\n<p><\/p>\n\n\n\n<figure class=\"wp-block-image size-large\"><img loading=\"lazy\" decoding=\"async\" width=\"1024\" height=\"768\" src=\"http:\/\/www.lotta-holmgren.com\/wp-content\/uploads\/2021\/11\/Inne-i-Lillstugan-1024x768.jpg\" alt=\"\" class=\"wp-image-92\" srcset=\"https:\/\/www.lotta-holmgren.com\/wp-content\/uploads\/2021\/11\/Inne-i-Lillstugan-1024x768.jpg 1024w, https:\/\/www.lotta-holmgren.com\/wp-content\/uploads\/2021\/11\/Inne-i-Lillstugan-300x225.jpg 300w, https:\/\/www.lotta-holmgren.com\/wp-content\/uploads\/2021\/11\/Inne-i-Lillstugan-768x576.jpg 768w, https:\/\/www.lotta-holmgren.com\/wp-content\/uploads\/2021\/11\/Inne-i-Lillstugan-1536x1152.jpg 1536w, https:\/\/www.lotta-holmgren.com\/wp-content\/uploads\/2021\/11\/Inne-i-Lillstugan.jpg 1600w\" sizes=\"auto, (max-width: 1024px) 100vw, 1024px\" \/><figcaption class=\"wp-element-caption\">Inne i Lillstugan<\/figcaption><\/figure>\n\n\n\n<figure class=\"wp-block-image size-full\"><img loading=\"lazy\" decoding=\"async\" width=\"1023\" height=\"512\" src=\"http:\/\/www.lotta-holmgren.com\/wp-content\/uploads\/2021\/11\/Farfars.jpg\" alt=\"\" class=\"wp-image-48\" srcset=\"https:\/\/www.lotta-holmgren.com\/wp-content\/uploads\/2021\/11\/Farfars.jpg 1023w, https:\/\/www.lotta-holmgren.com\/wp-content\/uploads\/2021\/11\/Farfars-300x150.jpg 300w, https:\/\/www.lotta-holmgren.com\/wp-content\/uploads\/2021\/11\/Farfars-768x384.jpg 768w, https:\/\/www.lotta-holmgren.com\/wp-content\/uploads\/2021\/11\/Farfars-800x400.jpg 800w\" sizes=\"auto, (max-width: 1023px) 100vw, 1023px\" \/><figcaption class=\"wp-element-caption\">Ateljen<\/figcaption><\/figure>\n","protected":false},"excerpt":{"rendered":"<p>V\u00e4lkommen p\u00e5 ett bes\u00f6k till Farfarsg\u00e5rden d\u00e4r ni f\u00e5r njuta av unik konst i en genuin milj\u00f6. H\u00e4r f\u00e5r man tr\u00e4ffa konstn\u00e4ren sj\u00e4lv, som ber\u00e4ttar om sin konst och guidar bes\u00f6karna genom utst\u00e4llningen. Nybryggt kaffe och hembakt go-kaka finns att k\u00f6pa, men f\u00f6r den som vill s\u00e5 g\u00e5r det bra att ta med eget fika [&hellip;]<\/p>\n","protected":false},"author":1,"featured_media":48,"parent":0,"menu_order":0,"comment_status":"closed","ping_status":"closed","template":"","meta":{"_genesis_hide_title":false,"_genesis_hide_breadcrumbs":false,"_genesis_hide_singular_image":false,"_genesis_hide_footer_widgets":false,"_genesis_custom_body_class":"","_genesis_custom_post_class":"","_genesis_layout":"","ngg_post_thumbnail":0,"footnotes":""},"class_list":{"0":"post-46","1":"page","2":"type-page","3":"status-publish","4":"has-post-thumbnail","6":"entry"},"featured_image_src":"https:\/\/www.lotta-holmgren.com\/wp-content\/uploads\/2021\/11\/Farfars-600x400.jpg","featured_image_src_square":"https:\/\/www.lotta-holmgren.com\/wp-content\/uploads\/2021\/11\/Farfars-600x512.jpg","_links":{"self":[{"href":"https:\/\/www.lotta-holmgren.com\/index.php\/wp-json\/wp\/v2\/pages\/46","targetHints":{"allow":["GET"]}}],"collection":[{"href":"https:\/\/www.lotta-holmgren.com\/index.php\/wp-json\/wp\/v2\/pages"}],"about":[{"href":"https:\/\/www.lotta-holmgren.com\/index.php\/wp-json\/wp\/v2\/types\/page"}],"author":[{"embeddable":true,"href":"https:\/\/www.lotta-holmgren.com\/index.php\/wp-json\/wp\/v2\/users\/1"}],"replies":[{"embeddable":true,"href":"https:\/\/www.lotta-holmgren.com\/index.php\/wp-json\/wp\/v2\/comments?post=46"}],"version-history":[{"count":14,"href":"https:\/\/www.lotta-holmgren.com\/index.php\/wp-json\/wp\/v2\/pages\/46\/revisions"}],"predecessor-version":[{"id":412,"href":"https:\/\/www.lotta-holmgren.com\/index.php\/wp-json\/wp\/v2\/pages\/46\/revisions\/412"}],"wp:featuredmedia":[{"embeddable":true,"href":"https:\/\/www.lotta-holmgren.com\/index.php\/wp-json\/wp\/v2\/media\/48"}],"wp:attachment":[{"href":"https:\/\/www.lotta-holmgren.com\/index.php\/wp-json\/wp\/v2\/media?parent=46"}],"curies":[{"name":"wp","href":"https:\/\/api.w.org\/{rel}","templated":true}]}}